lse
Does 24 divide 58230984?
True
Is 23923530 a multiple of 681?
True
Is 838325341 a multiple of 100?
False
Is 13520488 a multiple of 3?
False
Does 544 divide 4570257396?
False
Does 3 divide 10558602?
True
Is 166622773 a multiple of 31?
False
Does 9 divide 568251775?
False
Does 2993 divide 508477777?
True
Does 78 divide 286901067?
False
Does 278 divide 14517994?
True
Is 26 a factor of 41003924?
True
Is 21 a factor of 169121106?
True
Is 130794268 a multiple of 8?
False
Does 252 divide 1514183580?
True
Does 2 divide 22227046?
True
Does 92 divide 48345669?
False
Is 122 a factor of 545167492?
True
Is 137 a factor of 324964969?
False
Is 84 a factor of 193755108?
False
Does 1858 divide 1577442?
True
Is 178 a factor of 2241693?
False
Is 3280 a factor of 718703760?
True
Is 3248 a factor of 237743856?
True
Is 151 a factor of 23031879?
True
Does 394 divide 189469462?
False
Is 88259478 a multiple of 258?
True
Does 1469 divide 1192866194?
True
Is 72 a factor of 192864672?
True
Does 819 divide 2130219?
True
Is 1877 a factor of 817758221?
True
Is 102 a factor of 1940175712?
False
Does 45 divide 1239887?
False
Is 69 a factor of 1459685400?
False
Is 407 a factor of 20430586?
True
Does 618 divide 12182016?
True
Is 16122014 a multiple of 903?
False
Is 145399176 a multiple of 6?
True
Does 4 divide 17957686?
False
Is 20940204 a multiple of 174?
True
Does 49 divide 318989069?
True
Does 26 divide 61762372?
False
Does 86 divide 102938758?
False
Is 403 a factor of 204858602?
True
Is 328646 a multiple of 54?
False
Is 2117782635 a multiple of 235?
True
Is 2 a factor of 25512813?
False
Is 21595002 a multiple of 300?
False
Does 184 divide 32555856?
True
Is 88612388 a multiple of 21?
False
Is 378622452 a multiple of 12?
True
Does 9 divide 452834658?
True
Does 5 divide 159501553?
False
Does 14 divide 144840920?
True
Does 3 divide 1097405949?
True
Is 5990865 a multiple of 3?
True
Is 421 a factor of 343435802?
True
Is 9 a factor of 20315726?
False
Does 23 divide 23627923?
True
Does 93 divide 191874438?
True
Does 351 divide 2089519146?
True
Is 745368094 a multiple of 34?
True
Is 59748508 a multiple of 1516?
False
Does 10 divide 283201810?
True
Is 245245170 a multiple of 1075?
False
Is 1547220428 a multiple of 1948?
True
Does 17 divide 2329956794?
True
Is 110 a factor of 78982985?
False
Does 16 divide 2850223104?
True
Is 4 a factor of 72938060?
True
Does 17 divide 745233501?
False
Is 519 a factor of 104805822?
True
Is 3374150124 a multiple of 1138?
False
Is 116 a factor of 37449788?
True
Is 19 a factor of 350315692?
True
Is 118 a factor of 30774218?
False
Is 201 a factor of 20050755?
True
Is 555 a factor of 787632456?
False
Does 26 divide 111947082?
True
Does 16 divide 59476448?
True
Does 81 divide 179091?
True
Is 114 a factor of 491748635?
False
Does 7 divide 87934996?
False
Does 15 divide 497694870?
True
Is 223842600 a multiple of 1850?
True
Does 2639 divide 67629602?
False
Is 103 a factor of 372345?
True
Is 374 a factor of 16092456?
False
Does 261 divide 225740205?
True
Does 360 divide 411096989?
False
Is 1631009135 a multiple of 151?
True
Is 74421016 a multiple of 87?
False
Is 502 a factor of 77071474?
False
Does 25 divide 102549038?
False
Does 1097 divide 57082336?
False
Does 1478 divide 1218324012?
False
Does 8 divide 31880888?
True
Is 51 a factor of 641653532?
False
Does 1472 divide 226396544?
True
Is 735 a factor of 126034125?
True
Is 94 a factor of 1626670?
True
Is 29 a factor of 3802569378?
True
Does 3264 divide 78138680?
False
Does 72 divide 317913984?
True
Is 342 a factor of 882688320?
True
Does 2319 divide 9726723?
False
Does 346 divide 230385830?
True
Does 2 divide 24418637?
False
Is 5 a factor of 236551618?
False
Does 164 divide 374876448?
True
Is 7905893 a multiple of 310?
False
Is 16 a factor of 11829286?
False
Does 13 divide 692879298?
False
Does 20 divide 201716694?
False
Is 10995777 a multiple of 117?
True
Is 3 a factor of 275141162?
False
Is 10 a factor of 165688302?
False
Does 58 divide 237299231?
False
Is 114331360 a multiple of 3344?
True
Is 18 a factor of 64735361?
False
Is 75 a factor of 98005200?
True
Is 1632 a factor of 1615699592?
False
Is 11555739 a multiple of 2547?
True
Is 82421754 a multiple of 1662?
False
Does 892 divide 669080714?
False
Does 17 divide 7488491?
False
Is 77491680 a multiple of 625?
False
Is 14 a factor of 1893148460?
True
Is 2304738509 a multiple of 13?
False
Is 27948921 a multiple of 1322?
False
Is 1433341164 a multiple of 135?
False
Does 120 divide 9600720?
True
Is 70842764 a multiple of 269?
True
Is 73 a factor of 9530442?
True
Does 2215 divide 33146052?
False
Is 777 a factor of 53851539?
True
Is 8 a factor of 130856373?
False
Does 50 divide 986313137?
False
Is 8050956 a multiple of 4?
True
Is 343 a factor of 39454584?
False
Is 7921872 a multiple of 336?
True
Is 1077252680 a multiple of 1708?
True
Is 696 a factor of 3158544664?
False
Is 34239575 a multiple of 20?
False
Does 16 divide 171700640?
True
Does 8 divide 166794728?
True
Does 8 divide 1212348341?
False
Is 792644472 a multiple of 107?
False
Does 1042 divide 46279481?
False
Is 619633956 a multiple of 201?
True
Is 1792517655 a multiple of 85?
True
Is 19895851 a multiple of 93?
False
Is 2820 a factor of 42009540?
True
Does 69 divide 520869814?
False
Is 102767616 a multiple of 12?
True
Is 30199240 a multiple of 415?
False
Is 161262423 a multiple of 10?
False
Is 391 a factor of 825867974?
False
Is 11 a factor of 33638275?
True
Is 173 a factor of 12725188?
True
Is 205867232 a multiple of 496?
False
Is 2995 a factor of 154926121?
False
Is 222 a factor of 94153530?
True
Is 1811 a factor of 6910776?
True
Is 671990210 a multiple of 658?
False
Is 70341390 a multiple of 18?
True
Is 2765895 a multiple of 38?
False
Is 2469 a factor of 168553692?
True
Is 5118 a factor of 1356270?
True
Is 1170 a factor of 139230?
True
Is 12862164 a multiple of 798?
True
Does 2 divide 380123?
False
Does 2109 divide 5411694?
True
Is 16 a factor of 735986224?
True
Does 55 divide 73622789?
False
Does 40 divide 759601080?
True
Is 10296144 a multiple of 381?
True
Is 113 a factor of 853615108?
True
Is 807696877 a multiple of 1026?
False
Is 106065657 a multiple of 19?
True
Does 6617 divide 532350884?
True
Is 11 a factor of 6656408?
True
Does 88 divide 117592640?
True
Is 832 a factor of 3841336799?
False
Does 82 divide 93084423?
False
Is 1097 a factor of 36107755?
True
Is 28122684 a multiple of 687?
False
Does 4 divide 13136439?
False
Is 1112086744 a multiple of 1315?
False
Is 4369107 a multiple of 650?
False
Is 520330381 a multiple of 15?
False
Is 135 a factor of 1622430148?
False
Is 7707672 a multiple of 12?
True
Is 3465 a factor of 96847141?
False
Is 8 a factor of 274921088?
True
Is 23 a factor of 379450711?
True
Is 101 a factor of 1605190374?
True
Does 21 divide 120150561?
False
Is 70719400 a multiple of 3413?
False
Is 14 a factor of 1573286266?
False
Is 3143429404 a multiple of 14067?
False
Is 70 a factor of 56604175?
False
Does 167 divide 76165026?
True
Does 18 divide 8550144?
True
Is 148424751 a multiple of 1007?
True
Does 656 divide 16758176?
True
Is 1921 a factor of 181169510?
True
Is 850 a factor of 907817000?
True
Does 397 divide 74535559?
True
Is 860642846 a multiple of 300?
False
Is 76378750 a multiple of 58?
True
Is 202 a factor of 21919?
False
Does 138 divide 2329578?
True
Does 30 divide 3819329473?
False
Is 304 a factor of 19304611?
False
Is 21090099 a multiple of 103?
False
Is 58134720 a multiple of 30?
True
Is 34450308 a multiple of 625?
False
Does 34 divide 1957924?
True
Is 223541621 a multiple of 672?
False
Is 82 a factor of 3959944?
True
Is 1414 a factor of 172537694?
True
Is 347968134 a multiple of 3368?
False
Is 651 a factor of 159017817?
True
Is 38 a factor of 18470546?
True
Is 1431 a factor of 65140551?
True
Is 45754275 a multiple of 35?
True
Does 36 divide 630665195?
False
Is 38 a factor of 249512256?
True
Does 777 divide 201453502?
False
Is 3513 a factor of 596253755?
False
Is 260385803 a multiple of 48?
False
Is 1347868712 a multiple of 12?
False
Does 194 divide 2870043566?
True
Is 3110 a factor of 426358582?
False
Does 47 divide 274763256?
False
Does 13 divide 94215849?
True
Is 2285554272 a multiple of 236?
True
Is 48 a factor of 1926561888?
True
Is 20 a factor of 206475920?
